{"id":1568,"date":"2025-11-27T12:36:40","date_gmt":"2025-11-27T11:36:40","guid":{"rendered":"https:\/\/lvby.de\/?page_id=1568"},"modified":"2026-04-06T19:20:57","modified_gmt":"2026-04-06T17:20:57","slug":"notfallbereitschaft","status":"publish","type":"page","link":"https:\/\/lvby.de\/?page_id=1568","title":{"rendered":"Notfallbereitschaft"},"content":{"rendered":"\t\t<div data-elementor-type=\"wp-page\" data-elementor-id=\"1568\" class=\"elementor elementor-1568\" data-elementor-post-type=\"page\">\n\t\t\t\t<div class=\"elementor-element elementor-element-8a1263e e-flex e-con-boxed e-con e-parent\" data-id=\"8a1263e\" data-element_type=\"container\" data-e-type=\"container\">\n\t\t\t\t\t<div class=\"e-con-inner\">\n\t\t\t\t<div class=\"elementor-element elementor-element-b179214 elementor-widget elementor-widget-spacer\" data-id=\"b179214\" data-element_type=\"widget\" data-e-type=\"widget\" data-widget_type=\"spacer.default\">\n\t\t\t\t\t\t\t<div class=\"elementor-spacer\">\n\t\t\t<div class=\"elementor-spacer-inner\"><\/div>\n\t\t<\/div>\n\t\t\t\t\t\t<\/div>\n\t\t<div class=\"elementor-element elementor-element-c249378 e-con-full e-flex e-con e-child\" data-id=\"c249378\" data-element_type=\"container\" data-e-type=\"container\" data-settings=\"{&quot;background_background&quot;:&quot;classic&quot;}\">\n\t\t\t\t<div class=\"elementor-element elementor-element-84f3c25 elementor-widget elementor-widget-heading\" data-id=\"84f3c25\" data-element_type=\"widget\" data-e-type=\"widget\" data-widget_type=\"heading.default\">\n\t\t\t\t\t<h2 class=\"elementor-heading-title elementor-size-default\">NOTFALLBEREITSCHAFT<\/h2>\t\t\t\t<\/div>\n\t\t\t\t<div class=\"elementor-element elementor-element-c6db5f3 elementor-widget elementor-widget-spacer\" data-id=\"c6db5f3\" data-element_type=\"widget\" data-e-type=\"widget\" data-widget_type=\"spacer.default\">\n\t\t\t\t\t\t\t<div class=\"elementor-spacer\">\n\t\t\t<div class=\"elementor-spacer-inner\"><\/div>\n\t\t<\/div>\n\t\t\t\t\t\t<\/div>\n\t\t\t\t<div class=\"elementor-element elementor-element-6e0f19c elementor-widget elementor-widget-text-editor\" data-id=\"6e0f19c\" data-element_type=\"widget\" data-e-type=\"widget\" data-widget_type=\"text-editor.default\">\n\t\t\t\t\t\t\t\t\t<p>Notfallbereitschaft f\u00fcr Geb\u00e4rdensprachdolmetscher*innen in Bayern<\/p><p>Der Landesverband Bayern der Geh\u00f6rlosen e.V. stellt mit der Notfallbereitschaft f\u00fcr Geb\u00e4rdensprachdolmetscher*innen ein wichtiges Angebot f\u00fcr geh\u00f6rlose Menschen in Bayern bereit. In akuten Notsituationen \u2013 etwa bei einem Unfall, einem medizinischen Notfall oder einem Polizeieinsatz \u2013 ist schnelle und barrierefreie Kommunikation entscheidend.<\/p><p>\u00a0<\/p><p><strong>Wann ist die Notfallbereitschaft erreichbar?<\/strong><\/p><ul><li>Montag bis Freitag: 18:00 \u2013 06:00 Uhr<\/li><li>Wochenenden &amp; Feiertage: rund um die Uhr<\/li><\/ul><p>\u00a0<\/p><p><strong>Wie funktioniert die Kontaktaufnahme?<\/strong><\/p><ul><li>F\u00fcr geh\u00f6rlose Menschen:<br \/>per SMS oder WhatsApp an +49 1515 6 22 11 22<br \/>oder \u00fcber die Tess-App: +49 800 5 22 11 22<\/li><li>F\u00fcr h\u00f6rende Personen (z.\u202fB. Polizei, \u00c4rzt*innen):<br \/>telefonisch \u00fcber +49 800 5 22 11 22<\/li><\/ul><p>\u00a0<\/p><p><strong>Wo wird gedolmetscht?<\/strong><\/p><ul><li>Vor Ort, wenn der Einsatzort innerhalb von 1,5 Stunden erreichbar ist<\/li><li>Online, z.\u202fB. per Skype oder WhatsApp-Videocall<\/li><\/ul><p>\u00a0<\/p><p><strong>Typische Einsatzf\u00e4lle:<\/strong><\/p><ul><li>Verkehrsunf\u00e4lle<\/li><li>Medizinische Notf\u00e4lle<\/li><li>Polizeiliche Ma\u00dfnahmen<\/li><li>Psychische Krisen<\/li><li>H\u00e4usliche Gewalt<\/li><\/ul><p>\u00a0<\/p><p>Dieses Angebot wird durch das Bayerische Staatsministerium f\u00fcr Familie, Arbeit und Soziales sowie durch Krankenkassenf\u00f6rderung unterst\u00fctzt. Es tr\u00e4gt ma\u00dfgeblich zur Umsetzung der UN-Behindertenrechtskonvention bei und st\u00e4rkt die gleichberechtigte Teilhabe geh\u00f6rloser Menschen.<\/p><p>Weitere Informationen und Materialien:<\/p>\t\t\t\t\t\t\t\t<\/div>\n\t\t\t\t<div class=\"elementor-element elementor-element-1c54fb7 elementor-align-center elementor-widget elementor-widget-button\" data-id=\"1c54fb7\" data-element_type=\"widget\" data-e-type=\"widget\" data-widget_type=\"button.default\">\n\t\t\t\t\t\t\t\t\t\t<a class=\"elementor-button elementor-button-link elementor-size-sm\" href=\"https:\/\/nfb.lvby.de\/\">\n\t\t\t\t\t\t<span class=\"elementor-button-content-wrapper\">\n\t\t\t\t\t\t<span class=\"elementor-button-icon\">\n\t\t\t\t<svg aria-hidden=\"true\" class=\"e-font-icon-svg e-far-window-maximize\" viewBox=\"0 0 512 512\" xmlns=\"http:\/\/www.w3.org\/2000\/svg\"><path d=\"M464 32H48C21.5 32 0 53.5 0 80v352c0 26.5 21.5 48 48 48h416c26.5 0 48-21.5 48-48V80c0-26.5-21.5-48-48-48zm0 394c0 3.3-2.7 6-6 6H54c-3.3 0-6-2.7-6-6V192h416v234z\"><\/path><\/svg>\t\t\t<\/span>\n\t\t\t\t\t\t\t\t\t<span class=\"elementor-button-text\">Homepage<\/span>\n\t\t\t\t\t<\/span>\n\t\t\t\t\t<\/a>\n\t\t\t\t\t\t\t\t<\/div>\n\t\t\t\t<div class=\"elementor-element elementor-element-9550c35 elementor-widget elementor-widget-spacer\" data-id=\"9550c35\" data-element_type=\"widget\" data-e-type=\"widget\" data-widget_type=\"spacer.default\">\n\t\t\t\t\t\t\t<div class=\"elementor-spacer\">\n\t\t\t<div class=\"elementor-spacer-inner\"><\/div>\n\t\t<\/div>\n\t\t\t\t\t\t<\/div>\n\t\t\t\t<div class=\"elementor-element elementor-element-6a1ae71 elementor-widget elementor-widget-heading\" data-id=\"6a1ae71\" data-element_type=\"widget\" data-e-type=\"widget\" data-widget_type=\"heading.default\">\n\t\t\t\t\t<h2 class=\"elementor-heading-title elementor-size-default\">Kontakt<\/h2>\t\t\t\t<\/div>\n\t\t\t\t<div class=\"elementor-element elementor-element-cb56629 elementor-widget elementor-widget-text-editor\" data-id=\"cb56629\" data-element_type=\"widget\" data-e-type=\"widget\" data-widget_type=\"text-editor.default\">\n\t\t\t\t\t\t\t\t\t<p>Conny Tiedemann<br>Christian Winzer<\/p><p>E-Mail: info@nfb.lvby.de<\/p>\t\t\t\t\t\t\t\t<\/div>\n\t\t\t\t<div class=\"elementor-element elementor-element-6db49f7 elementor-widget elementor-widget-spacer\" data-id=\"6db49f7\" data-element_type=\"widget\" data-e-type=\"widget\" data-widget_type=\"spacer.default\">\n\t\t\t\t\t\t\t<div class=\"elementor-spacer\">\n\t\t\t<div class=\"elementor-spacer-inner\"><\/div>\n\t\t<\/div>\n\t\t\t\t\t\t<\/div>\n\t\t\t\t<\/div>\n\t\t\t\t\t<\/div>\n\t\t\t\t<\/div>\n\t\t<div class=\"elementor-element elementor-element-9c7c511 e-flex e-con-boxed e-con e-parent\" data-id=\"9c7c511\" data-element_type=\"container\" data-e-type=\"container\">\n\t\t\t\t\t<div class=\"e-con-inner\">\n\t\t\t\t<div class=\"elementor-element elementor-element-48f8fbd elementor-widget elementor-widget-spacer\" data-id=\"48f8fbd\" data-element_type=\"widget\" data-e-type=\"widget\" data-widget_type=\"spacer.default\">\n\t\t\t\t\t\t\t<div class=\"elementor-spacer\">\n\t\t\t<div class=\"elementor-spacer-inner\"><\/div>\n\t\t<\/div>\n\t\t\t\t\t\t<\/div>\n\t\t\t\t<div class=\"elementor-element elementor-element-950bdd6 elementor-widget elementor-widget-text-editor\" data-id=\"950bdd6\" data-element_type=\"widget\" data-e-type=\"widget\" data-widget_type=\"text-editor.default\">\n\t\t\t\t\t\t\t\t\t<p><strong>Gef\u00f6rdert durch:<\/strong><\/p><p><img decoding=\"async\" class=\"alignnone size-medium wp-image-221\" src=\"https:\/\/lvby.de\/wp-content\/uploads\/2025\/08\/stmas-wbm-2018_2zliunten_rgb-b350px-300x120.jpg\" alt=\"\" width=\"300\" height=\"120\" srcset=\"https:\/\/lvby.de\/wp-content\/uploads\/2025\/08\/stmas-wbm-2018_2zliunten_rgb-b350px-300x120.jpg 300w, https:\/\/lvby.de\/wp-content\/uploads\/2025\/08\/stmas-wbm-2018_2zliunten_rgb-b350px.jpg 350w\" sizes=\"(max-width: 300px) 100vw, 300px\" \/><\/p>\t\t\t\t\t\t\t\t<\/div>\n\t\t\t\t\t<\/div>\n\t\t\t\t<\/div>\n\t\t<div class=\"elementor-element elementor-element-0e8bcde e-flex e-con-boxed e-con e-parent\" data-id=\"0e8bcde\" data-element_type=\"container\" data-e-type=\"container\">\n\t\t\t\t\t<div class=\"e-con-inner\">\n\t\t\t\t<div class=\"elementor-element elementor-element-023ce0b elementor-widget elementor-widget-spacer\" data-id=\"023ce0b\" data-element_type=\"widget\" data-e-type=\"widget\" data-widget_type=\"spacer.default\">\n\t\t\t\t\t\t\t<div class=\"elementor-spacer\">\n\t\t\t<div class=\"elementor-spacer-inner\"><\/div>\n\t\t<\/div>\n\t\t\t\t\t\t<\/div>\n\t\t\t\t\t<\/div>\n\t\t\t\t<\/div>\n\t\t\t\t<\/div>\n\t\t","protected":false},"excerpt":{"rendered":"<p>NOTFALLBEREITSCHAFT Notfallbereitschaft f\u00fcr Geb\u00e4rdensprachdolmetscher*innen in Bayern Der Landesverband Bayern der Geh\u00f6rlosen e.V. stellt mit der Notfallbereitschaft f\u00fcr Geb\u00e4rdensprachdolmetscher*innen ein wichtiges Angebot f\u00fcr geh\u00f6rlose Menschen in Bayern bereit. In akuten Notsituationen \u2013 etwa bei einem Unfall, einem medizinischen Notfall oder einem Polizeieinsatz \u2013 ist schnelle und barrierefreie Kommunikation entscheidend. \u00a0 Wann ist die Notfallbereitschaft erreichbar? Montag [&hellip;]<\/p>\n","protected":false},"author":2,"featured_media":0,"parent":0,"menu_order":0,"comment_status":"closed","ping_status":"closed","template":"","meta":{"_monsterinsights_skip_tracking":false,"_monsterinsights_sitenote_active":false,"_monsterinsights_sitenote_note":"","_monsterinsights_sitenote_category":0,"footnotes":""},"class_list":["post-1568","page","type-page","status-publish","hentry"],"aioseo_notices":[],"_links":{"self":[{"href":"https:\/\/lvby.de\/index.php?rest_route=\/wp\/v2\/pages\/1568","targetHints":{"allow":["GET"]}}],"collection":[{"href":"https:\/\/lvby.de\/index.php?rest_route=\/wp\/v2\/pages"}],"about":[{"href":"https:\/\/lvby.de\/index.php?rest_route=\/wp\/v2\/types\/page"}],"author":[{"embeddable":true,"href":"https:\/\/lvby.de\/index.php?rest_route=\/wp\/v2\/users\/2"}],"replies":[{"embeddable":true,"href":"https:\/\/lvby.de\/index.php?rest_route=%2Fwp%2Fv2%2Fcomments&post=1568"}],"version-history":[{"count":67,"href":"https:\/\/lvby.de\/index.php?rest_route=\/wp\/v2\/pages\/1568\/revisions"}],"predecessor-version":[{"id":3857,"href":"https:\/\/lvby.de\/index.php?rest_route=\/wp\/v2\/pages\/1568\/revisions\/3857"}],"wp:attachment":[{"href":"https:\/\/lvby.de\/index.php?rest_route=%2Fwp%2Fv2%2Fmedia&parent=1568"}],"curies":[{"name":"wp","href":"https:\/\/api.w.org\/{rel}","templated":true}]}}