{"id":1536,"date":"2025-11-27T11:01:24","date_gmt":"2025-11-27T10:01:24","guid":{"rendered":"https:\/\/lvby.de\/?page_id=1536"},"modified":"2026-04-06T20:05:53","modified_gmt":"2026-04-06T18:05:53","slug":"assistenzboerse","status":"publish","type":"page","link":"https:\/\/lvby.de\/?page_id=1536","title":{"rendered":"Assistenzb\u00f6rse"},"content":{"rendered":"\t\t<div data-elementor-type=\"wp-page\" data-elementor-id=\"1536\" class=\"elementor elementor-1536\" data-elementor-post-type=\"page\">\n\t\t\t\t<div class=\"elementor-element elementor-element-508d51b e-flex e-con-boxed e-con e-parent\" data-id=\"508d51b\" data-element_type=\"container\" data-e-type=\"container\">\n\t\t\t\t\t<div class=\"e-con-inner\">\n\t\t\t\t<div class=\"elementor-element elementor-element-0160ea5 elementor-widget elementor-widget-spacer\" data-id=\"0160ea5\" data-element_type=\"widget\" data-e-type=\"widget\" data-widget_type=\"spacer.default\">\n\t\t\t\t\t\t\t<div class=\"elementor-spacer\">\n\t\t\t<div class=\"elementor-spacer-inner\"><\/div>\n\t\t<\/div>\n\t\t\t\t\t\t<\/div>\n\t\t\t\t\t<\/div>\n\t\t\t\t<\/div>\n\t\t<div class=\"elementor-element elementor-element-0c38318 e-flex e-con-boxed e-con e-parent\" data-id=\"0c38318\" data-element_type=\"container\" data-e-type=\"container\">\n\t\t\t\t\t<div class=\"e-con-inner\">\n\t\t\t\t<div class=\"elementor-element elementor-element-5c42ca6 elementor-widget elementor-widget-image\" data-id=\"5c42ca6\" data-element_type=\"widget\" data-e-type=\"widget\" data-widget_type=\"image.default\">\n\t\t\t\t\t\t\t\t\t\t\t\t\t\t\t<img decoding=\"async\" width=\"297\" height=\"128\" src=\"https:\/\/lvby.de\/wp-content\/uploads\/2026\/02\/20260107_AZB_Logo_Slogan_Komplett.svg\" class=\"attachment-medium size-medium wp-image-1853\" alt=\"\" \/>\t\t\t\t\t\t\t\t\t\t\t\t\t\t\t<\/div>\n\t\t\t\t\t<\/div>\n\t\t\t\t<\/div>\n\t\t<div class=\"elementor-element elementor-element-4e436d2 e-flex e-con-boxed e-con e-parent\" data-id=\"4e436d2\" data-element_type=\"container\" data-e-type=\"container\">\n\t\t\t\t\t<div class=\"e-con-inner\">\n\t\t\t\t<div class=\"elementor-element elementor-element-af14050 elementor-widget elementor-widget-spacer\" data-id=\"af14050\" data-element_type=\"widget\" data-e-type=\"widget\" data-widget_type=\"spacer.default\">\n\t\t\t\t\t\t\t<div class=\"elementor-spacer\">\n\t\t\t<div class=\"elementor-spacer-inner\"><\/div>\n\t\t<\/div>\n\t\t\t\t\t\t<\/div>\n\t\t\t\t\t<\/div>\n\t\t\t\t<\/div>\n\t\t<div class=\"elementor-element elementor-element-5865535 e-flex e-con-boxed e-con e-parent\" data-id=\"5865535\" data-element_type=\"container\" data-e-type=\"container\">\n\t\t\t\t\t<div class=\"e-con-inner\">\n\t\t\t\t<div class=\"elementor-element elementor-element-29793b1 elementor-widget elementor-widget-text-editor\" data-id=\"29793b1\" data-element_type=\"widget\" data-e-type=\"widget\" data-widget_type=\"text-editor.default\">\n\t\t\t\t\t\t\t\t\t<p>Die Assistenzb\u00f6rse ist ein neues Projekt des Landesverbands Bayern der Geh\u00f6rlosen e.V.<\/p><p><strong>\u00a0<\/strong><\/p><p><strong>Was ist die Assistenzb\u00f6rse<\/strong><\/p><p>Die Assistenzb\u00f6rse ist eine digitale Plattform f\u00fcr taube Menschen und Menschen mit Geb\u00e4rdensprache.<\/p><p>Hier kannst du&#8230;<\/p><ul><li>nach Unterst\u00fctzung f\u00fcr deinen Alltag suchen (z.B. Babysitting, Einkaufen, Haushaltshilfe&#8230;)<\/li><li>und\/oder deine Hilfe anbieten<\/li><\/ul><p>\u00a0<\/p><p><strong>Das Beste daran? Jeder kann die Deutsche Geb\u00e4rdensprache.<\/strong><\/p>\t\t\t\t\t\t\t\t<\/div>\n\t\t\t\t<div class=\"elementor-element elementor-element-ad5e54a elementor-widget elementor-widget-spacer\" data-id=\"ad5e54a\" data-element_type=\"widget\" data-e-type=\"widget\" data-widget_type=\"spacer.default\">\n\t\t\t\t\t\t\t<div class=\"elementor-spacer\">\n\t\t\t<div class=\"elementor-spacer-inner\"><\/div>\n\t\t<\/div>\n\t\t\t\t\t\t<\/div>\n\t\t\t\t<div class=\"elementor-element elementor-element-80b7317 elementor-widget elementor-widget-image\" data-id=\"80b7317\" data-element_type=\"widget\" data-e-type=\"widget\" data-widget_type=\"image.default\">\n\t\t\t\t\t\t\t\t\t\t\t\t\t\t\t<img fetchpriority=\"high\" decoding=\"async\" width=\"688\" height=\"334\" src=\"https:\/\/lvby.de\/wp-content\/uploads\/2026\/02\/Homepage-AB-e1772020933622.png\" class=\"attachment-medium_large size-medium_large wp-image-1844\" alt=\"\" srcset=\"https:\/\/lvby.de\/wp-content\/uploads\/2026\/02\/Homepage-AB-e1772020933622.png 688w, https:\/\/lvby.de\/wp-content\/uploads\/2026\/02\/Homepage-AB-e1772020933622-300x146.png 300w\" sizes=\"(max-width: 688px) 100vw, 688px\" \/>\t\t\t\t\t\t\t\t\t\t\t\t\t\t\t<\/div>\n\t\t\t\t<div class=\"elementor-element elementor-element-0d32b4a elementor-widget elementor-widget-spacer\" data-id=\"0d32b4a\" data-element_type=\"widget\" data-e-type=\"widget\" data-widget_type=\"spacer.default\">\n\t\t\t\t\t\t\t<div class=\"elementor-spacer\">\n\t\t\t<div class=\"elementor-spacer-inner\"><\/div>\n\t\t<\/div>\n\t\t\t\t\t\t<\/div>\n\t\t\t\t<div class=\"elementor-element elementor-element-6a218c2 elementor-widget elementor-widget-text-editor\" data-id=\"6a218c2\" data-element_type=\"widget\" data-e-type=\"widget\" data-widget_type=\"text-editor.default\">\n\t\t\t\t\t\t\t\t\t<p><b>Ziel des Projekts<\/b><\/p><p>Du brauchst dringend Unterst\u00fctzung im Alltag, aber dir ist wichtig, dass die Person auch in DGS kommunizieren kann?<\/p><p>Oder du bist jemand, der gerne anderen im Alltag helfen m\u00f6chte, zum Beispiel beim Aufpassen auf Kinder, beim Gassi gehen mit dem Hund oder bei den Hausaufgaben und du kannst DGS?<\/p><p>Dann ist die Assistenzb\u00f6rse genau richtig f\u00fcr dich.<\/p><p>Egal ob die Kinderbetreuung, Nachhilfe, Hilfe im Haushalt oder Begleitung zu Terminen:<\/p><p>Die Plattform verbindet Menschen, die zueinander passen und die alle Deutsche Geb\u00e4rdensprache beherrschen.<\/p><p>\u00a0<\/p><p><strong>So funktioniert es:<\/strong><\/p><p>Du meldest dich auf der Plattform an.<\/p><p>Du suchst Hilfe oder bietest sie an.<\/p><p>Du nimmst selbst Kontakt auf.<\/p><p>Du entscheidest selbst.<\/p><p>Du regelst alles direkt mit der anderen Person.<\/p><p>Der Landesverband Bayern der Geh\u00f6rlosen e.V. stellt die Plattform zur Verf\u00fcgung und begleitet das Projekt. Die Kontaktaufnahme, Organisation und Verantwortung liegen bei dir.<\/p><p>\u00a0<\/p><p><span style=\"text-decoration: underline;\"><strong>Kontakt<\/strong><\/span><\/p><p>Ilknur Warnecke<br \/>Projektleitung Assistenzb\u00f6rse<\/p><p>Christian Winzer<br \/>Projektassistenz Assistenzb\u00f6rse<\/p><p>WhatsApp: +49 151 72206695<br \/>E-Mail: <a href=\"mailto:info@assistenzboerse-dgs.de\">info@assistenzboerse-dgs.de<\/a><\/p><p>\u00a0<\/p><p><strong>Du bist neugierig geworden?<\/strong><\/p><p>Mehr Informationen zur Assistenzb\u00f6rse findest du auf der Website sowie im offiziellen Flyer (inklusive DGS-Erkl\u00e4rvideo).<\/p>\t\t\t\t\t\t\t\t<\/div>\n\t\t\t\t\t<\/div>\n\t\t\t\t<\/div>\n\t\t<div class=\"elementor-element elementor-element-bf1b2bd e-flex e-con-boxed e-con e-parent\" data-id=\"bf1b2bd\" data-element_type=\"container\" data-e-type=\"container\">\n\t\t\t\t\t<div class=\"e-con-inner\">\n\t\t<div class=\"elementor-element elementor-element-6566f72 e-grid e-con-full e-con e-child\" data-id=\"6566f72\" data-element_type=\"container\" data-e-type=\"container\">\n\t\t\t\t<div class=\"elementor-element elementor-element-216a924 elementor-align-center elementor-widget elementor-widget-button\" data-id=\"216a924\" data-element_type=\"widget\" data-e-type=\"widget\" data-widget_type=\"button.default\">\n\t\t\t\t\t\t\t\t\t\t<a class=\"elementor-button elementor-button-link elementor-size-sm\" href=\"http:\/\/assistenzboerse-dgs.de\" target=\"_blank\">\n\t\t\t\t\t\t<span class=\"elementor-button-content-wrapper\">\n\t\t\t\t\t\t<span class=\"elementor-button-icon\">\n\t\t\t\t<svg aria-hidden=\"true\" class=\"e-font-icon-svg e-far-window-maximize\" viewBox=\"0 0 512 512\" xmlns=\"http:\/\/www.w3.org\/2000\/svg\"><path d=\"M464 32H48C21.5 32 0 53.5 0 80v352c0 26.5 21.5 48 48 48h416c26.5 0 48-21.5 48-48V80c0-26.5-21.5-48-48-48zm0 394c0 3.3-2.7 6-6 6H54c-3.3 0-6-2.7-6-6V192h416v234z\"><\/path><\/svg>\t\t\t<\/span>\n\t\t\t\t\t\t\t\t\t<span class=\"elementor-button-text\">Homepage<\/span>\n\t\t\t\t\t<\/span>\n\t\t\t\t\t<\/a>\n\t\t\t\t\t\t\t\t<\/div>\n\t\t\t\t<div class=\"elementor-element elementor-element-a42b193 elementor-align-center elementor-widget elementor-widget-button\" data-id=\"a42b193\" data-element_type=\"widget\" data-e-type=\"widget\" data-widget_type=\"button.default\">\n\t\t\t\t\t\t\t\t\t\t<a class=\"elementor-button elementor-button-link elementor-size-sm\" href=\"https:\/\/assistenzboerse-dgs.de\/wp-content\/uploads\/2026\/01\/202601_AZB_Flyer.pdf\">\n\t\t\t\t\t\t<span class=\"elementor-button-content-wrapper\">\n\t\t\t\t\t\t<span class=\"elementor-button-icon\">\n\t\t\t\t<svg aria-hidden=\"true\" class=\"e-font-icon-svg e-far-file-pdf\" viewBox=\"0 0 384 512\" xmlns=\"http:\/\/www.w3.org\/2000\/svg\"><path d=\"M369.9 97.9L286 14C277 5 264.8-.1 252.1-.1H48C21.5 0 0 21.5 0 48v416c0 26.5 21.5 48 48 48h288c26.5 0 48-21.5 48-48V131.9c0-12.7-5.1-25-14.1-34zM332.1 128H256V51.9l76.1 76.1zM48 464V48h160v104c0 13.3 10.7 24 24 24h104v288H48zm250.2-143.7c-12.2-12-47-8.7-64.4-6.5-17.2-10.5-28.7-25-36.8-46.3 3.9-16.1 10.1-40.6 5.4-56-4.2-26.2-37.8-23.6-42.6-5.9-4.4 16.1-.4 38.5 7 67.1-10 23.9-24.9 56-35.4 74.4-20 10.3-47 26.2-51 46.2-3.3 15.8 26 55.2 76.1-31.2 22.4-7.4 46.8-16.5 68.4-20.1 18.9 10.2 41 17 55.8 17 25.5 0 28-28.2 17.5-38.7zm-198.1 77.8c5.1-13.7 24.5-29.5 30.4-35-19 30.3-30.4 35.7-30.4 35zm81.6-190.6c7.4 0 6.7 32.1 1.8 40.8-4.4-13.9-4.3-40.8-1.8-40.8zm-24.4 136.6c9.7-16.9 18-37 24.7-54.7 8.3 15.1 18.9 27.2 30.1 35.5-20.8 4.3-38.9 13.1-54.8 19.2zm131.6-5s-5 6-37.3-7.8c35.1-2.6 40.9 5.4 37.3 7.8z\"><\/path><\/svg>\t\t\t<\/span>\n\t\t\t\t\t\t\t\t\t<span class=\"elementor-button-text\">Flyer<\/span>\n\t\t\t\t\t<\/span>\n\t\t\t\t\t<\/a>\n\t\t\t\t\t\t\t\t<\/div>\n\t\t\t\t<\/div>\n\t\t\t\t\t<\/div>\n\t\t\t\t<\/div>\n\t\t<div class=\"elementor-element elementor-element-3244eb2 e-flex e-con-boxed e-con e-parent\" data-id=\"3244eb2\" data-element_type=\"container\" data-e-type=\"container\">\n\t\t\t\t\t<div class=\"e-con-inner\">\n\t\t\t\t<div class=\"elementor-element elementor-element-7fc7abf elementor-widget elementor-widget-spacer\" data-id=\"7fc7abf\" data-element_type=\"widget\" data-e-type=\"widget\" data-widget_type=\"spacer.default\">\n\t\t\t\t\t\t\t<div class=\"elementor-spacer\">\n\t\t\t<div class=\"elementor-spacer-inner\"><\/div>\n\t\t<\/div>\n\t\t\t\t\t\t<\/div>\n\t\t\t\t\t<\/div>\n\t\t\t\t<\/div>\n\t\t<div class=\"elementor-element elementor-element-1cbde3b e-flex e-con-boxed e-con e-parent\" data-id=\"1cbde3b\" data-element_type=\"container\" data-e-type=\"container\">\n\t\t\t\t\t<div class=\"e-con-inner\">\n\t\t\t\t<div class=\"elementor-element elementor-element-2e5d1c5 elementor-widget elementor-widget-text-editor\" data-id=\"2e5d1c5\" data-element_type=\"widget\" data-e-type=\"widget\" data-widget_type=\"text-editor.default\">\n\t\t\t\t\t\t\t\t\t<p><strong>Gef\u00f6rdert durch:<\/strong><\/p><h5><img decoding=\"async\" src=\"https:\/\/lvby.de\/wp-content\/uploads\/2025\/08\/dfl_logo_stiftung_eins_blanko_hg_blau_rgb_quer_1000x404-300x121.webp\" alt=\"\" width=\"300\" height=\"121\" \/><\/h5>\t\t\t\t\t\t\t\t<\/div>\n\t\t\t\t\t<\/div>\n\t\t\t\t<\/div>\n\t\t<div class=\"elementor-element elementor-element-88988d8 e-flex e-con-boxed e-con e-parent\" data-id=\"88988d8\" data-element_type=\"container\" data-e-type=\"container\">\n\t\t\t\t\t<div class=\"e-con-inner\">\n\t\t\t\t<div class=\"elementor-element elementor-element-81d16a2 elementor-widget elementor-widget-spacer\" data-id=\"81d16a2\" data-element_type=\"widget\" data-e-type=\"widget\" data-widget_type=\"spacer.default\">\n\t\t\t\t\t\t\t<div class=\"elementor-spacer\">\n\t\t\t<div class=\"elementor-spacer-inner\"><\/div>\n\t\t<\/div>\n\t\t\t\t\t\t<\/div>\n\t\t\t\t\t<\/div>\n\t\t\t\t<\/div>\n\t\t\t\t<\/div>\n\t\t","protected":false},"excerpt":{"rendered":"<p>Die Assistenzb\u00f6rse ist ein neues Projekt des Landesverbands Bayern der Geh\u00f6rlosen e.V. \u00a0 Was ist die Assistenzb\u00f6rse Die Assistenzb\u00f6rse ist eine digitale Plattform f\u00fcr taube Menschen und Menschen mit Geb\u00e4rdensprache. Hier kannst du&#8230; nach Unterst\u00fctzung f\u00fcr deinen Alltag suchen (z.B. Babysitting, Einkaufen, Haushaltshilfe&#8230;) und\/oder deine Hilfe anbieten Das Beste daran? Jeder kann die Deutsche Geb\u00e4rdensprache. [&hellip;]<\/p>\n","protected":false},"author":2,"featured_media":0,"parent":0,"menu_order":0,"comment_status":"closed","ping_status":"closed","template":"","meta":{"_monsterinsights_skip_tracking":false,"_monsterinsights_sitenote_active":false,"_monsterinsights_sitenote_note":"","_monsterinsights_sitenote_category":0,"footnotes":""},"class_list":["post-1536","page","type-page","status-publish","hentry"],"aioseo_notices":[],"_links":{"self":[{"href":"https:\/\/lvby.de\/index.php?rest_route=\/wp\/v2\/pages\/1536","targetHints":{"allow":["GET"]}}],"collection":[{"href":"https:\/\/lvby.de\/index.php?rest_route=\/wp\/v2\/pages"}],"about":[{"href":"https:\/\/lvby.de\/index.php?rest_route=\/wp\/v2\/types\/page"}],"author":[{"embeddable":true,"href":"https:\/\/lvby.de\/index.php?rest_route=\/wp\/v2\/users\/2"}],"replies":[{"embeddable":true,"href":"https:\/\/lvby.de\/index.php?rest_route=%2Fwp%2Fv2%2Fcomments&post=1536"}],"version-history":[{"count":136,"href":"https:\/\/lvby.de\/index.php?rest_route=\/wp\/v2\/pages\/1536\/revisions"}],"predecessor-version":[{"id":3863,"href":"https:\/\/lvby.de\/index.php?rest_route=\/wp\/v2\/pages\/1536\/revisions\/3863"}],"wp:attachment":[{"href":"https:\/\/lvby.de\/index.php?rest_route=%2Fwp%2Fv2%2Fmedia&parent=1536"}],"curies":[{"name":"wp","href":"https:\/\/api.w.org\/{rel}","templated":true}]}}